90. Suppose 0 = -3*k + x - 373. Is k a composite number?
False
Let l = 18425 - -9002. Is l composite?
False
Suppose 2*n - 2 = -0*n. Let j(o) = 42*o**3 + 1 + o + 59*o**3 - o**2 - 2*o + 15*o**3. Is j(n) a composite number?
True
Let r = 1480 + -977. Is r composite?
False
Suppose g + 214 = -257. Let c = g + 688. Is c prime?
False
Let n be (-1886 + -3 + 0)*(2 - 3). Suppose 0 = -6*c + 4345 + n. Is c composite?
False
Suppose -8 = s - 13. Suppose -6*h + s*h + 712 = 0. Let q = 1089 - h. Is q a composite number?
True
Let a(k) = 91*k**2 - 10*k + 47. Is a(6) a prime number?
False
Let w be ((-1)/(-1))/((-2)/(-30)). Let j = -3 + 23. Let s = w + j. Is s composite?
True
Let o(x) = -x**3 - 2*x**2 + 2*x + 479. Suppose 2 = 5*h + 2. Is o(h) prime?
True
Let j = 9750 - 6873. Let t = j - 1622. Is t composite?
True
Let a(v) = 13*v - 48. Let b be a(21). Suppose -b = -25*f + 10*f. Is f a prime number?
False
Suppose 0 = 5*k - 34*k + 912601. Is k prime?
True
Suppose 31632 = b + 2*b. Suppose -244 = 6*w - 52. Is (b/w)/((-2)/4) a composite number?
False
Let k(o) = o**2 - 8*o - 3. Let z be k(8). Let c(p) = -369*p - 4. Let r be c(z). Suppose 2*h - 438 = 4*g, r = 5*h - 3*g + g. Is h a composite number?
True
Let l be 55 - (-2 - 6/(-2)). Let a(m) = 58 - l + m + m**3 - m**2 + 93. Is a(0) prime?
True
Let a(c) = 2*c**2 - 14*c - 9. Let t be a(8). Suppose t*g - 1028 = 3*g. Is g prime?
True
Let s(o) = -3*o**2 + 38*o - 17. Let y be s(12). Suppose 5*z - 8 = y, 5*z - 560 = -5*c. Is c a prime number?
True
Let r(f) = -13*f + 1. Let a = -28 + 22. Is r(a) a prime number?
True
Is (-15)/((-525)/20) + (-52845)/(-21) a composite number?
True
Suppose 4*t - t - 9 = 0. Suppose t*i = -l + 6, 6 = -i - 0*i - 3*l. Suppose -95 = -i*o - 2*o. Is o a composite number?
False
Suppose 0 = -3*o - 4*k, 4*o - k = -2*k + 13. Suppose 16 = -o*x, -2*i + 6*i = -2*x + 212. Is i prime?
False
Let g = -91 + 94. Suppose 5*o - 5*f - 3585 = 0, g*o - 1401 = -5*f + 766. Is o a prime number?
True
Let g(d) = -545*d - 1. Let r be g(-1). Let u = 948 - r. Suppose 1519 = 5*t + u. Is t a composite number?
False
Is ((-10)/(-4))/(4/(-8384)*-8) composite?
True
Suppose 0*n + 4 = n. Let t be ((-2)/6)/(n/36). Let p(c) = -11*c**3 - 5*c**2 - c + 2. Is p(t) prime?
True
Let b be (-12298)/(-4) + (-6)/(-12). Suppose 12526 = 13*l + b. Is l prime?
True
Let x(f) be the second derivative of 167*f**3/3 + 3*f**2/2 - f. Let b(l) = 3*l**2 + 169*l - 113. Let v be b(-57). Is x(v) a prime number?
True
Suppose 13*t - 10*t - 189 = 0. Let w = 80 + t. Is w a prime number?
False
Let v(r) = -104*r + 17. Let m(n) = n**2 - 16*n + 21. Let q be m(14). Is v(q) prime?
False
Is ((-14)/(-21))/(-1*(-4)/183306) prime?
False
Let x = -782 - -1478. Suppose 4*h + x - 5188 = 0. Is h composite?
False
Let r = 1894 + 1653. Is r prime?
True
Is -2*((-49540)/104 - (-6)/(-39)) a composite number?
False
Is 397*1/2*(-11 - -13) a prime number?
True
Suppose 23889 = 7*p - 4*p. Is p composite?
False
Suppose -6*l + 281 + 841 = 0. Let s = l - -186. Is s composite?
False
Suppose 25*s = 11688 + 77087. Is s a prime number?
False
Let q(b) be the second derivative of 6*b**5/5 + b**3/6 + 11*b. Is q(1) composite?
True
Suppose -4*o + 0*b + 3198 = -2*b, 0 = 5*o + 4*b - 4017. Suppose 2298 - o = 3*t. Is t composite?
False
Let w be 1*-51*29*6/(-1). Suppose -5*m = 4*p + 90 - w, 5*m - 20 = 0. Is p a composite number?
True
Suppose -h - 1955 = -6514. Is h prime?
False
Let t(k) = 1293*k**2 - 10*k + 15. Is t(2) a composite number?
False
Let h(x) = 21*x**3 - 13*x**2 + x - 32. Is h(9) a composite number?
True
Let h = 10 - 27. Let d = 15 + h. Is d/((-1)/(67/2)) prime?
True
Suppose -9*y + 132 = -5*y. Let n = 49 + y. Is n prime?
False
Suppose -3*w - 24 = -0*w. Let f(b) = -2*b + b + 215 - 213. Is f(w) composite?
True
Let k(o) = -o**3 - 7*o**2 - 5*o + 8. Let j be k(-6). Let x(q) = 8*q + 14 - 19 - 7*q**2 + 52*q**2 - 5*q. Is x(j) composite?
False
Let o(v) = -28*v**3 + 6*v**2 + 4*v - 1. Is o(-6) composite?
True
Suppose 5 = 5*f - 15. Suppose -11228 = -f*y - i, 17241 = 4*y + 4*i + 6013. Is y a prime number?
False
Is (6576/120)/((-6)/(-1335)) a prime number?
False
Is (-11)/88*0 - 974/(-2) prime?
True
Let h = 7045 - 4760. Is h a composite number?
True
Suppose 3*m + 3*a - 8 = -26, -2*a - 39 = 5*m. Let x(y) = -y**3 + 2*y**2 + 14*y - 12. Let d be x(m). Let h = d - 372. Is h prime?
False
Is ((-9711)/(-39))/((-6)/(-382)) a prime number?
False
Let z be (-4)/6*(-5 - 1). Suppose z*q + 10 = 6*q. Suppose -3 = -k + 4*u + 18, q*u - 5 = 0. Is k a prime number?
False
Let b be ((-18)/(-15))/((-2)/(-10)). Let i(w) = 0*w**3 + b*w**3 - w**2 + w + 149 - 7*w**3. Is i(0) composite?
False
Let j(w) = -w**2 - 26*w - 23. Let x be j(-25). Suppose -m + 44 = s + x*m, -s = 4*m - 43. Is s a composite number?
False
Let n(b) = -82*b**3 + 3*b**2 + 35. Is n(-6) a prime number?
False
Suppose b + 9 = 2*y + 2*b, 0 = 2*y - 5*b - 3. Let g(k) = -10 - 2*k**2 - y*k**2 + 2*k + 2*k + k**3 + 0*k. Is g(7) composite?
False
Let x(c) = c. Let s be x(0). Suppose s*g - 4*g - 1028 = r, g = 5*r - 236. Let v = -113 - g. Is v composite?
True
Let w = -21085 + 34704. Is w a composite number?
False
Let t(u) = -u**2 + 6*u - 2. Let b be t(4). Let o be (-1)/b - 1610/(-12). Suppose z - 2*z = -o. Is z a composite number?
True
Let k(s) = 7 - 4*s + 7*s - 21 - 4. Let l be k(8). Suppose -4*i + j + 531 = 0, -4*i - l*j + 5*j + 541 = 0. Is i a prime number?
False
Let z(w) = -190*w - 104. Is z(-7) prime?
False
Suppose 3*a = 5*w - 1, -4*a - w + 2*w = -10. Suppose 3*k - 1026 = -a*f, -f - 3*k - 358 = -2*f. Is f a composite number?
True
Suppose -8*y - 60 = -7*y. Is (-1524)/(-8)*y/(-18) a prime number?
False
Let u(k) = k**2 + 7*k - 6. Let y be u(8). Suppose 5*s - 1232 = -a, 5*s - 1112 = -3*a + y. Is s a prime number?
False
Let q = 12 - 9. Suppose -q*c - 4*b = -14, 3*c + 2*b = -0*b + 10. Suppose x = a - 132, x + 523 = 4*a - c*x. Is a prime?
True
Suppose 0 = 8*d - 3*d + m - 3362, 5*m = d - 688. Is d a prime number?
True
Suppose 4 = -2*k, 5*u = -2*k + 5 + 1. Suppose -y - u*i + 701 = 0, -3*y - i = -2*i - 2124. Is y a prime number?
False
Let a(f) = -12 + 13*f + 9*f - 5*f + 14*f**2. Let p be a(11). Suppose -3*h + p = -0*h. Is h a prime number?
False
Let o(i) = 458*i + 4. Let x be o(19). Is x/21 - 3/(-7) a composite number?
True
Let q(z) = 6*z**2 + 5*z + 4. Let g(i) = -i**2 - 8*i + 1. Let y be g(-7). Suppose y = 5*b + 43. Is q(b) a prime number?
True
Let h be (250 - 1)*(-184)/(-12). Is (102/68)/(3/h) a prime number?
False
Suppose 0 = 5*o - 4*g - 2061, -3*o + 3*g + 755 + 484 = 0. Is o composite?
False
Suppose 17*c - 45 = 2*c. Suppose 16 = -c*v + 1, 5*k - v = 1250. Is k a composite number?
True
Let z(i) = i**2 + 2. Let s be z(-3). Let g(o) = -o**3 + 11*o**2. Let u be g(s). Suppose 3*y + 20 - 125 = u. Is y a prime number?
False
Let l = 4607 - 354. Is l a prime number?
True
Suppose k = 3*o + 2*o - 676, 545 = 4*o - 5*k. Let x(z) = 20*z**2 - z - 2. Let v be x(2). Let i = o - v. Is i a composite number?
False
Suppose 6*y = s + 4*y - 37665, -s + 37664 = -3*y. Is s a composite number?
True
Let w = -11 + 288. Let j = -567 + w. Let f = j - -504. Is f prime?
False
Is 19155/6*(0 - 1 - -3) a prime number?
False
Let p be (3/(-9))/((-2)/(-12)). Is ((-2)/(-8))/((p/(-2648))/1) prime?
True
Suppose 4*a - 32 = 4*s, 5*s = a - 7 - 17. Suppose -a*c + 2541 = -2111. Is c composite?
False
Let b(t) = 10*t + 52. Let q be b(-6). Let a(c) = -4*c**3 + 11*c**2 + 2*c - 14. Is a(q) a composite number?
True
Suppose -32 = -3*f + 4*z, 0 = 2*f - 3*z - 18 - 3. Let t = f + -10. Suppose 111 = t*s - s - 4*k, -3*k + 578 = 5*s. Is s composite?
True
Let u be ((-2)/6)/((-1)/171). Let v = -56 - u. Let h = v + 380. Is h prime?
False
Let o(u) = u. Let f be o(3). Suppose 0 = 2*k - 0*k + 10, 1573 = 4*x + f*k. Is x composite?
False
Let q = 1736 - 663. Is q a composite number?
True
Suppose 4*u = -f + 37, 4*u + f - 33 = 4*f. Suppose -r - 3608 = -u*r. Is r a composite number?
True
Let x(q) = -183*q + 38. Let g be x(-9). Let b = g - -794. Is b composite?
True
Let a(j) = 11*j**2 + 25*j + 13. Is a(-11) prime?
True
Let z(k) = 4*k - 10. Let p(r) = -5*r + 9. Let h(b) = -3*p(b) - 4*z(b). Let j be h(13). Suppose j = 5*x - 3*i + 94 - 720, -121 = -x + 2*i. Is x prime?
True
Let f be (2/(-6))/((-4)/5340). Let r be (-1)/4 - f/(-4). Let v = 302 - r. Is v a composite 